t is b(i)?
3
Let o(g) be the first derivative of -g**4/4 + g**3/3 - g**2/2 + 4*g - 5. What is o(0)?
4
Let h = -799/6 - -134. Let d(m) be the second derivative of -1/12*m**4 + 0 - 5/2*m**2 - 3*m - h*m**3. What is d(-5)?
-5
Let d(r) = -3*r**3 - r**2 - 5*r - 1. Let u(t) = -5*t**3 - 3*t**2 - 9*t - 1. Let a(n) = 7*d(n) - 4*u(n). Calculate a(5).
2
Let j(r) be the third derivative of -2*r**2 + 0*r + 1/24*r**4 + 0 + 1/3*r**3. Let m = 11 - 13. Give j(m).
0
Let t(b) be the first derivative of 9*b**2/2 - b + 1. Let j(u) = -26*u + 3. Let h(a) = 3*j(a) + 8*t(a). Calculate h(1).
-5
Let k(u) = 3*u + 4. Suppose 0 = 4*w - 2*q + 6, w = 5*w - 4*q. What is k(w)?
-5
Let g(t) = 4*t**2 + 12*t - 17. Let m(x) = x**2 + 3*x - 4. Let l(o) = 2*g(o) - 9*m(o). Determine l(-6).
-16
Let s(o) = 20 - 4*o**2 - 43 + 4*o + 20 + 5*o**2. Determine s(2).
9
Suppose -2*c = 3*i - 13 + 2, -2*c = i - 1. Let l = -4 - c. Let o(v) be the first derivative of -v**3 - v**2 - v + 2. Calculate o(l).
-9
Let m be (4 - (-1)/(-1)) + 0. Let l = 8 - m. Let w(p) = p - 3. Determine w(l).
2
Let p(a) = -2 + 2*a - a + 0. Determine p(7).
5
Let l(v) = -v**3 - 3*v**2 + 4*v - 4. Suppose 3*s - 4*f = 4, 3*f + 5 = 3*s - 1. Let y be ((-6)/(-15))/(s/(-40)). Determine l(y).
-4
Let i be ((-2)/24 - 0)*(-7)/14. Let p(l) be the third derivative of 2*l**2 + 0*l + 3/2*l**3 + 1/60*l**5 - 1/120*l**6 + 0 + i*l**4. Calculate p(0).
9
Let k(i) = -5*i**3 - 7*i**2 + 7*i. Let r(u) = 11*u**3 + 15*u**2 - 15*u - 1. Let q(l) = -13*k(l) - 6*r(l). Let j = 11 - 11. Give q(j).
6
Let q be (-38)/(-5) + 6/15. Let g(i) = i**2 - 8*i + 4. Calculate g(q).
4
Let w(g) be the first derivative of 1/24*g**4 - 1/60*g**5 - 1/180*g**6 + 0*g + 2 + g**3 + 0*g**2. Let k(y) be the third derivative of w(y). Determine k(1).
-3
Let a(d) = -d + 4. Let q be (-4)/(-6) + (-58)/(-3). Let p = -15 + q. What is a(p)?
-1
Let t(h) be the third derivative of h**7/2520 - h**6/90 + h**5/24 + 3*h**4/8 + 7*h**2. Let x(u) be the second derivative of t(u). Calculate x(6).
-7
Let p(c) = 4*c. Let a be ((-9)/6)/(9/(-12)). Suppose -28 = 4*q + 5*j, -a*q - 18 = 3*q + 2*j. Give p(q).
-8
Let q(u) be the second derivative of -3*u**3/2 - u**2/2 - 2*u. Give q(1).
-10
Suppose 0 = -p + 3 - 0. Let t(w) = -4 + w + 4 + p. Determine t(-6).
-3
Suppose 3*h = -6, -5*h - 39 + 9 = 5*i. Let b(r) be the second derivative of -r**3/6 - 3*r**2/2 - 17*r. What is b(i)?
1
Suppose -9 = -4*q + 3*i + 6, -3*i - 3 = 0. Let y(r) = -r**2 + r + 2. Give y(q).
-4
Let w(v) = v - 4. Let o be w(6). Let h(d) = -2*d**2 - 18*d + 16*d + 1 + 3*d. What is h(o)?
-5
Suppose 4*n - 8 = 0, 3*v - 2*v + n - 5 = 0. Suppose v*d - 2*c = 3*c - 35, -20 = -5*c. Let f(b) be the third derivative of b**4/24 + b**3 + 3*b**2. What is f(d)?
1
Let o(c) be the third derivative of c**4/4 - 20*c**2. Suppose 4*y + 2 = -3*r + 19, 0 = 2*r - 2*y + 12. Determine o(r).
-6
Let h(a) = -2*a - 3. Let z be h(-2). Let k be z/(-4) - 52/(-16). Let r(w) = -3*w + 3. What is r(k)?
-6
Let t(k) = -k**2 - 16*k - 12. Let b be t(-15). Suppose 0*c - b = -3*c. Let j(l) = -17*l**2 - l + 1. Give j(c).
-17
Let d(h) = h + 1. Let l(s) = -s**2 - 3*s + 6. Let u be l(-6). Let f = 7 + u. What is d(f)?
-4
Suppose -4*v = 6*v - 7*v. Let k be 1 + 1 + (-4)/(-2). Let u = k - v. Let c(g) = g**2 - 3*g - 4. Calculate c(u).
0
Suppose 0 = 3*u - 2*v - 15, -5*u + 0*v - v = -12. Suppose -2*i = 1 + u. Let s(o) = o**2 - o - 1. Give s(i).
5
Let n(p) = -p**2 + 6*p - 2. Suppose 3*w + 4*q - 2*q - 14 = 0, -25 = -5*w - 3*q. Let k(g) = -g**2 + 10*g - 10. Let j be k(w). What is n(j)?
-2
Let w(u) = u - 12. Let i(b) = b**3 - b + 2. Let q be i(2). Let a be w(q). Let x(r) = r**2 + 5*r + 4. What is x(a)?
0
Let u(x) = -3 - 2*x - x**2 - 5*x + 3*x + 6. Calculate u(2).
-9
Let b(c) = -c - 2. Suppose 6*q - 4*q = -8*q. Determine b(q).
-2
Let i(o) = -o + 3. Let h be i(1). Let q(l) = 2*l**2 + h + 2 - 5 - 1. Let s = -5 + 7. What is q(s)?
6
Suppose -4*k + 21 - 5 = 0. Let s(f) be the first derivative of 1/3*f**3 - 3*f - 3/2*f**2 + 1. Calculate s(k).
1
Let a(s) be the second derivative of -s**3/6 - 7*s**2/2 - 5*s. Let w = -3 - -3. What is a(w)?
-7
Suppose -4*d - 12 = 0, -q - 3*q = -4*d - 56. Let s = q - 6. Let w(i) = -i**3 + 6*i**2 - 6*i + 7. Calculate w(s).
2
Let v(k) = k**3 - 4*k**2 - 5. Let s(a) = 2*a**3 + 3*a**3 - 6*a**3 + 2*a - 8 + 6*a**2 + 0*a**3. Let h be s(6). Determine v(h).
-5
Let k(t) = -3*t - 7. Let a(i) = 3*i + 7. Let m(r) = -4*a(r) - 5*k(r). Suppose -30 = 2*o + 4*v, -4*o - o - 4*v = 45. What is m(o)?
-8
Let p(g) = 5*g - 1. Let t(k) = k + 8. Let x be t(-7). Let o = x - -1. Let w be (o - 0)*-1 - -1. What is p(w)?
-6
Let v(f) = f**3 - 2*f. Suppose -5*h = -3*u - 22, 5*h - 2*u = 4*h + 10. Give v(h).
4
Let i(k) = 1 + 0*k**3 + 4*k**2 - k**3 + 4*k - 7*k**2. Determine i(-3).
-11
Let j(m) be the third derivative of m**4/24 - 2*m**3/3 + 3*m**2. Let r be j(4). Let i(a) = 5*a - 3*a**2 + r*a**3 - a**3 + a + 5. What is i(-4)?
-3
Let m be 1/(-4) - (-2)/8. Suppose t - 1 = 1. Let i(g) = -6 + t*g**2 - 5*g**2 - g + g**3 + g**2 + 3*g**2. Calculate i(m).
-6
Let d(m) = -5*m**3 - 5*m + 1. Let i(h) = -h. Let w(y) = d(y) - 5*i(y). Suppose -7*c = -12*c - 15. Let s be c + (3 - (-3 - -2)). What is w(s)?
-4
Let f(o) = -1. Let j(u) = u**3 + 7*u**2 + 5*u + 1. Let z(q) = 5*f(q) + j(q). Let g = -3 - 3. What is z(g)?
2
Let c(n) be the second derivative of 0 - 2/3*n**4 + n**3 + 4*n**2 - n + 1/20*n**5. Give c(7).
1
Let n(m) = m**3 - 2*m**2 + m - 2. Let k(h) = h**2 - h + 1. Let g be k(2). Let i = 1 + g. Suppose i*w - 4 = 4. Give n(w).
0
Let q(t) be the first derivative of 1 - 3*t**2 + 11 - 3 - t. Determine q(-2).
11
Let d(n) = -2*n**2 - 5*n + 2. Let v be 5/15*-4*(4 - 1). What is d(v)?
-10
Let t(r) = r**3 + 11*r**2 + 2. Let c be t(-11). Let b(q) = q**3 - 2*q**2 + 3*q - 2. Calculate b(c).
4
Let q(k) = -k**2 - 7*k - 6. Let b = -64 - -58. Calculate q(b).
0
Let v = -3 - -4. Let r(i) = 0*i + 1 - 2*i**2 + v + 5*i**2 + i**3 + 2*i. Suppose -5*j - 3 = 7. What is r(j)?
2
Let a be (1 - (0 + 2))*-2. Let r = -3 - a. Let j(t) = -4*t - 6. Let q(u) = -u. Let l(d) = -j(d) + 3*q(d). Give l(r).
1
Let m(s) = -s**2 + s - 1. Let f(o) = o**3 + 9*o**2 - 3*o + 2. Let j(l) = f(l) + 4*m(l). Determine j(-2).
8
Let s(v) = 5*v. Let y(b) = -2*b**3 + 3*b**2. Let f be y(2). Let j = -5 - f. What is s(j)?
-5
Let x(r) = r**3 - 2*r**2 + r + 2. Let z(m) = 2*m + 9. Let i be z(-9). Let d be (-3)/i*3 - -1. Calculate x(d).
4
Let p(y) = 2*y**3 + 7*y. Let g(d) = -3*d**3 - 13*d. Let r(i) = -6*g(i) - 11*p(i). Determine r(-1).
3
Let r(u) = -u - 12. Let h(m) be the third derivative of m**6/120 - m**5/12 + m**4/24 - 5*m**3/6 - m**2. Let c be h(5). Determine r(c).
-12
Let c(i) = -3*i**3 - 10*i**2 - 3*i + 3. Let y(r) = -4*r**3 - 15*r**2 - 4*r + 4. Let o(z) = 7*c(z) - 5*y(z). Determine o(4).
13
Let l(z) = z + 5. Suppose 0 = -w + 4*w + 24. Let g = 13 + w. Determine l(g).
10
Suppose -14 + 8 = -3*h. Let g(i) be the second derivative of 0 - i + 1/2*i**3 + 0*i**h. Calculate g(-1).
-3
Let i = 6 - 4. Let j = -3 - i. Let o(y) = y**3 + 6*y**2 + 6*y - 2. Determine o(j).
-7
Let d = -1 - -7. Let s(w) = w**2 - 4*w - 6. Calculate s(d).
6
Let i = 10 + -3. Let z(q) = q**3 - 8*q**2 + 5*q + 9. Determine z(i).
-5
Suppose 4*m = -2*y + m - 12, m - 18 = 3*y. Let x(l) = -l**3 - 7*l**2 - 4*l + 7. What is x(y)?
-5
Let h(x) = -x**2 - 3 + 0*x + x - 3 + x**3. Let i(g) = g + 9. Let w be i(0). Suppose -3*l = d + w, -3 + 0 = 3*d + l. What is h(d)?
-6
Let w = 0 + 2. Let i(t) = -t**2 + 6*t + 3. Let b be i(6). Let g(v) = 2*v**2 - b*v**2 + 0 - 1. Calculate g(w).
-5
Suppose 0 = 8*u - 11*u - 18. Let q(c) = -4*c**2 - 4*c + 7. Let g(w) = w**2. Let s(b) = 3*g(b) + q(b). Calculate s(u).
-5
Let v(a) = 4*a - 13. Let z(o) = o - 3. Let y(c) = -2*v(c) + 9*z(c). Determine y(-7).
-8
Let w(c) = c**3 + 7*c**2 - 10*c - 10. Let z = 67 - 75. Give w(z).
6
Let t(l) = 2*l**2 - 6*l - 1. Let h(z) = -z**2 + 3*z. Let b(c) = 5*h(c) + 2*t(c). Suppose -5*u = 4*f - 21, -u - 9 = -2*f - 2*u. Calculate b(f).
-6
Let h(c) be the second derivative of c**3/3 + 3*c**2/2 - c. Determine h(-7).
-11
Suppose -4*v + 25 = 9. Let o(s) = -2*s**3 + s + v*s**2 + 2*s**2 + s**3 - 5*s**2. Let m(p) = 6*p**3 - 11*p**2 - p - 1. Let y(i) = -m(i) - 5*o(i). What is y(5)?
6
Let a be (-12)/18 - (-26)/(-6). Let m(j) = -j**3 - j + 3. Let n be m(0). Let q(k) = -3*k**3 - 7 - 6*k**2 - 7*k 